 10. Determine w(4).
26
Let y(j) = 31*j**3 - 28*j**2 - 5*j + 3. Give y(1).
1
Let w(b) = b**3 + 9*b**2 + 46*b + 81. What is w(-3)?
-3
Let a(g) = g**3 + 40*g**2 - 43*g - 23. Give a(-41).
59
Let k(c) = 43*c**2 - 123*c + 4. Give k(2).
-70
Let x(m) = -m**3 + 32*m**2 - 38*m + 2346. Determine x(33).
3
Let q(a) = 295*a - 66416. Give q(225).
-41
Let q(t) = 39*t. Determine q(-4).
-156
Let o(i) = 49*i**2 + 33*i - 1. Determine o(-1).
15
Let y(o) = -3*o**2 + 1069*o - 5345. Determine y(5).
-75
Let c(o) = -2535*o - 12687. What is c(-5)?
-12
Let p(h) = h**2 - 36*h + 294. What is p(22)?
-14
Let f(l) = 10*l - 664. Determine f(70).
36
Let m(s) = 45*s**2 - 3466*s + 15. Calculate m(77).
-62
Let k(v) = v**3 - 14*v**2 - 18*v + 43. What is k(15)?
-2
Let b(t) = -6*t**2 + 24*t + 55. What is b(6)?
-17
Let w(n) = -5*n + 315. Determine w(22).
205
Let s(c) = -9*c**3 - c**2 - 11*c - 9. Calculate s(-1).
10
Let q(p) = -31*p - 113. Calculate q(-2).
-51
Let b(v) = v**3 - 78*v**2 - 167*v + 546. Calculate b(80).
-14
Let m(u) = -331*u + 7949. What is m(24)?
5
Let y(w) = -7*w**3 - 469*w**2 + 4*w - 32. Determine y(-67).
-300
Let v(m) = -7*m**2 + 30*m + 1. Give v(5).
-24
Let g(o) = 2*o**3 + 205*o + 7. What is g(0)?
7
Let j(z) = -z**3 + 36*z**2 - 141*z - 73. Determine j(5).
-3
Let o(k) = -3*k**2 - 690*k + 2087. Give o(-233).
-10
Let a(x) = -123*x - 98. Determine a(-3).
271
Let j(h) = h**3 + 6*h**2 - 22*h - 135. What is j(-4)?
-15
Let q(o) = -67*o**2 - 606*o - 16. Give q(-9).
11
Let v(r) = 515*r + 3597. Determine v(-7).
-8
Let j(x) = 130*x + 3. What is j(1)?
133
Let x(a) = 6*a**2 + 182*a + 111. Calculate x(-30).
51
Let g(j) = -j**3 - 7*j**2 + 12*j + 6. Calculate g(-8).
-26
Let h(j) = -4*j**3 + 198*j**2 - 147*j + 2408. What is h(49)?
7
Let h(k) = k**3 - 2*k**2 - 4*k. Calculate h(4).
16
Let o(q) = -160*q - 792. Give o(-5).
8
Let u(j) = -3272*j + 19638. Give u(6).
6
Let i(u) = 2*u**2 + 201*u + 1894. Determine i(-90).
4
Let g(a) = -a**3 + 8*a**2 - a + 97. What is g(9)?
7
Let g(j) = 2409*j - 9637. What is g(4)?
-1
Let j(t) = 2*t**2 - 649*t + 17136. Calculate j(29).
-3
Let n(k) = -99*k + 3577. Determine n(39).
-284
Let c(n) = -418*n + 14650. Calculate c(35).
20
Let r(q) = -q**2 + 189*q - 5506. Give r(36).
2
Let d(g) = -82*g - 733. Give d(-9).
5
Let x(z) = 5*z**2 + 36*z + 28. Give x(-8).
60
Let n(j) = -2*j**2 + 250*j - 313. Calculate n(125).
-313
Let a(z) = -813*z - 30. Give a(0).
-30
Let b(l) = -106*l + 10531. What is b(99)?
37
Let w(s) = 5957*s + 35744. Calculate w(-6).
2
Let c(g) = -3312*g - 9899. Give c(-3).
37
Let g(i) = 832*i - 13264. Calculate g(16).
48
Let s(h) = 21*h - 2284. What is s(110)?
26
Let p(b) = 112*b - 941. What is p(5)?
-381
Let y(a) = -1354*a + 5428. Give y(4).
12
Let f(x) = -x**2 + 24*x + 1540. Determine f(53).
3
Let s(o) = -o**3 + 25*o**2 - 52*o + 91. What is s(23)?
-47
Let u(k) = k**2 - 92*k + 330. Determine u(4).
-22
Let j(q) = 111*q + 60. Determine j(-1).
-51
Let i(a) = -4*a + 38. Determine i(8).
6
Let g(b) = b**3 + 62*b**2 - 6*b - 321. What is g(-62)?
51
Let v(s) = -2*s**3 + 28*s**2 + 10*s - 170. Give v(14).
-30
Let s(v) = -13*v**3 - 3*v**2 + 85*v + 255. Determine s(-3).
324
Let s(u) = -u**3 + 18*u**2 - 35*u + 60. Calculate s(15).
210
Let p(t) = 2*t**3 + 13*t**2 + 44*t + 362. Determine p(-7).
5
Let i(k) = 4*k**2 - 56*k - 112. Give i(16).
16
Let c(f) = f**3 - 51*f**2 + 119*f - 8898. Determine c(52).
-6
Let z(q) = -1682*q + 82425. Determine z(49).
7
Let y(c) = -c**3 - 60*c**2 + 11*c + 105. What is y(-60)?
-555
Let h(r) = -r**3 + 24*r**2 - 20*r + 28. Determine h(23).
97
Let u(t) = 40*t**2 + 141*t + 7. Calculate u(-5).
302
Let v(i) = 60*i - 7218. What is v(122)?
102
Let j(o) = -o**3 + 30*o**2 + 181*o - 1515. What is j(34)?
15
Let h(p) = -467*p**2 + 6*p - 13. Calculate h(0).
-13
Let l(b) = -97*b + 474. Give l(5).
-11
Let u(g) = -73*g**2 + 23*g - 54. Calculate u(2).
-300
Let n(j) = j**2 + 97*j + 1124. Give n(-12).
104
Let j(l) = -l**2 + 27*l + 12032. Determine j(-97).
4
Let r(w) = 2*w**2 - 14*w - 32. Determine r(10).
28
Let p(n) = n**2 + 19*n + 30. What is p(-2)?
-4
Let i(m) = 67*m + 2346. Determine i(-35).
1
Let j(g) = -57*g**3 + 5*g**2 - 3*g - 7. What is j(-1)?
58
Let q(n) = 5*n**3 + 42*n**2 - 92*n - 587. What is q(-9)?
-2
Let v(k) = -5*k**3 + 34*k**2 - 29*k + 22. Determine v(6).
-8
Let r(d) = d**3 - 7*d**2 - 91*d - 90. Give r(14).
8
Let z(f) = 108*f - 26. What is z(1)?
82
Let k(g) = -217*g + 2453. What is k(10)?
283
Let k(d) = 10*d**2 - 266*d - 1023. What is k(30)?
-3
Let o(j) = -4*j**2 + 14*j - 7. Calculate o(5).
-37
Let d(t) = -7*t**2 - 17*t + 804. Determine d(-12).
0
Let r(h) = -71*h + 2252. Calculate r(32).
-20
Let z(g) = -140*g - 4008. Calculate z(-31).
332
Let v(s) = -1901*s - 76028. What is v(-40)?
12
Let y(b) = -3*b**2 - 81*b - 203. What is y(-24)?
13
Let c(u) = -196*u - 132. What is c(-1)?
64
Let p(x) = -x**3 + 9*x**2 + 32*x - 84. Calculate p(11).
26
Let l(x) = -x**3 - 25*x**2 - 9*x + 312. Determine l(-24).
-48
Let b(j) = 2*j**3 + 2*j**2 - 41*j + 115. Determine b(3).
64
Let a(j) = 2*j**2 + 278*j + 2582. What is a(-129)?
2
Let a(h) = 104*h + 1868. Calculate a(-16).
204
Let l(i) = 30*i + 715. Calculate l(-24).
-5
Let x(d) = -614*d**2 + 42365*d + 66. Determine x(69).
-3
Let x(b) = b**3 - 9*b**2 - 5*b - 37. Give x(11).
150
Let m(z) = -z**3 - 8*z**2 - 74*z - 381. Determine m(-6).
-9
Let r(b) = b**3 + 10*b**2 + 4*b - 36. Determine r(-9).
9
Let b(a) = a**3 - 13*a**2 + 7*a + 26. What is b(7)?
-219
Let x(b) = 18*b + 639. Calculate x(22).
1035
Let i(p) = -19*p + 36. What is i(-6)?
150
Let l(i) = i**2 + 59*i + 254. What is l(-54)?
-16
Let x(a) = -a**3 - 90*a**2 + 94*a + 324. Give x(-91).
51
Let d(w) = -2*w**3 + 17*w - 43. Determine d(3).
-46
Let h(n) = 94*n - 341. Determine h(4).
35
Let x(i) = 37*i + 898. What is x(-24)?
10
Let v(i) = -699*i - 693. What is v(-1)?
6
Let u(v) = 4*v**2 - v - 3. What is u(2)?
11
Let k(a) = a**2 + 146*a - 17156. Calculate k(77).
15
Let v(g) = 16*g**2 + 16*g - 81. Give v(4).
239
Let a(c) = -2489*c + 7448. Determine a(3).
-19
Let i(s) = s**3 + 101*s**2 + 81*s - 1872. Determine i(-100).
28
Let i(y) = -y**3 + 13*y**2 + 4*y - 211. Determine i(11).
75
Let m(h) = h**2 - 223*h - 1602. Calculate m(-7).
8
Let h(f) = -7*f**3 - 333*f**2 + 152*f + 380. What is h(-48)?
-4
Let f(d) = -2*d**2 + 90*d + 591. What is f(-6)?
-21
Let s(r) = r**2 + 186*r + 3468. Determine s(-165).
3
Let o(f) = 70*f + 380. Give o(-5).
30
Let t(a) = 43*a + 1334. Give t(-34).
-128
Let v(z) = 4*z**2 + 83*z - 15. Give v(-22).
95
Let l(q) = q**2 - 18*q + 81. Calculate l(4).
25
Let p(m) = 3*m**3 - 4*m**2 - 2*m. Calculate p(0).
0
Let c(n) = 4*n**3 + 83*n**2 - 25*n - 68. Calculate c(-21).
16
Let k(x) = -36*x - 2259. What is k(-63)?
9
Let j(u) = -16*u - 678. Calculate j(-44).
26
Let x(a) = a**3 - 41*a**2 - 202*a - 82. Calculate x(-4).
6
Let q(z) = z**3 + 16*z**2 + 4*z - 27. What is q(-15)?
138
Let v(q) = q**3 + 21*q**2 - 4*q - 3. Calculate v(-5).
417
Let h(y) = -y**3 + 34*y**2 - 55*y + 511. What is h(33)?
-215
Let i(o) = -137*o - 695. Calculate i(-5).
-10
Let m(i) = -15*i**3 - 6*i**2 - 3*i + 11. Determine m(2).
-139
Let d(m) = -30*m**2 - 21*m - 82. Calculate d(-4).
-478
Let s(j) = j**2 - 717*j + 7070. Determine s(10).
0
Let h(i) = i**3 + 91*i**2 + 587*i + 84. Give h(-84).
168
Let u(k) = 10*k + 91. Determine u(-7).
21
Let s(f) = f**3 - 188*f**2 + 2910*f - 499. Give s(171).
14
Let h(y) = 12*y + 554. Calculate h(-24).
266
Let q(g) = -2*g**2 + 166*g + 817. What is q(87)?
121
Let j(z) = -179*z + 7165. Give j(40).
5
Let i(y) = 2266*y - 99711. Calculate i(44).
-7
Let u(c) = -398*c - 397. What is u(-1)?
1
Let u(f) = f**2 - 27*f - 284. Determine u(-10).
86
Let v(y) = y**2 + 42*y + 401. Give v(-13).
24
Let z(c) = -c**2 + 40*c - 395. Give z(22).
1
Let a(p) = -682*p + 6140. Determine a(9).
2
Let h(r) = -113*r + 563. Determine h(6).
-115
Let q(u) = u**3 - 22*u**2 + 2*u - 160. What is q(22)?
-116
Let w(r) = -295*r - 8561. Give w(-29).
-6
Let n(o) = 569*o + 3412. What is n(-6)?
-2
Let y(w) = 5850*w - 70202. Determine y(12).
-2
Let y(k) = -17*k**2 - 101*k - 7. Calculate y(-6).
-13
Let s(u) = 20*u - 599. Determine s(28).
-39
Let b(q) = 6*q**2 + 36*q - 2. What is b(-6)?
-2
Let p(a) = 12*a**2 + 201*a - 54. Give p(-17).
-3
Let u(w) = w**2 + 71*w + 887. Determine u(-55).
7
Let b(k) = 44*k. What is b(7)?
30